{"id":69,"date":"2024-04-25T17:43:08","date_gmt":"2024-04-25T15:43:08","guid":{"rendered":"https:\/\/plum-loris-838739.hostingersite.com\/?page_id=69"},"modified":"2024-04-25T17:49:55","modified_gmt":"2024-04-25T15:49:55","slug":"institucional","status":"publish","type":"page","link":"https:\/\/jdrestauraciontriana.com\/?page_id=69","title":{"rendered":"Institucional"},"content":{"rendered":"\t\t<div data-elementor-type=\"wp-page\" data-elementor-id=\"69\" class=\"elementor elementor-69\" data-elementor-post-type=\"page\">\n\t\t\t\t<div class=\"elementor-element elementor-element-61853c3b e-flex e-con-boxed e-con e-parent\" data-id=\"61853c3b\" data-element_type=\"container\">\n\t\t\t\t\t<div class=\"e-con-inner\">\n\t\t<div class=\"elementor-element elementor-element-43d9273f e-con-full e-flex e-con e-child\" data-id=\"43d9273f\" data-element_type=\"container\">\n\t\t\t\t<div class=\"elementor-element elementor-element-38165c8e elementor-view-stacked elementor-position-left elementor-vertical-align-middle elementor-shape-circle elementor-mobile-position-top elementor-widget elementor-widget-icon-box\" data-id=\"38165c8e\" data-element_type=\"widget\" data-widget_type=\"icon-box.default\">\n\t\t\t\t<div class=\"elementor-widget-container\">\n\t\t\t<link rel=\"stylesheet\" href=\"https:\/\/jdrestauraciontriana.com\/wp-content\/plugins\/elementor\/assets\/css\/widget-icon-box.min.css\">\t\t<div class=\"elementor-icon-box-wrapper\">\n\n\t\t\t\t\t\t<div class=\"elementor-icon-box-icon\">\n\t\t\t\t<span  class=\"elementor-icon elementor-animation-\">\n\t\t\t\t<svg xmlns=\"http:\/\/www.w3.org\/2000\/svg\" xmlns:xlink=\"http:\/\/www.w3.org\/1999\/xlink\" id=\"Layer_1\" x=\"0px\" y=\"0px\" viewBox=\"0 0 500 476\" style=\"enable-background:new 0 0 500 476;\" xml:space=\"preserve\"><g>\t<path d=\"M428.6,237.5v23.8H500v-54.3c0-10.8-4.9-21.1-13.4-27.9L272.3,7.8c-13-10.4-31.6-10.4-44.6,0L13.4,179.2  C4.9,186,0,196.2,0,207.1v54.3h47.6v179c0,19.7,16,35.7,35.7,35.7h59.5V345.1c0-6.6,5.3-11.9,11.9-11.9h47.6  c6.6,0,11.9,5.3,11.9,11.9v107.1h-35.7V476h238.1c19.7,0,35.7-16,35.7-35.7V278.9h-23.8v161.4c0,6.6-5.3,11.9-11.9,11.9H238.1  V345.1c0-19.7-16-35.7-35.7-35.7h-47.6c-19.7,0-35.7,16-35.7,35.7v107.1H83.3c-6.6,0-11.9-5.3-11.9-11.9V237.5H23.8v-30.5  c0-3.6,1.6-7,4.5-9.3L242.6,26.4c4.3-3.5,10.5-3.5,14.9,0l214.3,171.4c2.8,2.3,4.5,5.7,4.5,9.3v30.5H428.6z\"><\/path>\t<path d=\"M381,428.4v-95.2h-95.2v95.2H381z M309.5,357h47.6v47.6h-47.6V357z\"><\/path><\/g><\/svg>\t\t\t\t<\/span>\n\t\t\t<\/div>\n\t\t\t\n\t\t\t\t\t\t<div class=\"elementor-icon-box-content\">\n\n\t\t\t\t\t\t\t\t\t<h3 class=\"elementor-icon-box-title\">\n\t\t\t\t\t\t<span  >\n\t\t\t\t\t\t\tInstitucional\t\t\t\t\t\t<\/span>\n\t\t\t\t\t<\/h3>\n\t\t\t\t\n\t\t\t\t\n\t\t\t<\/div>\n\t\t\t\n\t\t<\/div>\n\t\t\t\t<\/div>\n\t\t\t\t<\/div>\n\t\t\t\t<div class=\"elementor-element elementor-element-1e35d6a elementor-align-right elementor-widget__width-auto elementor-absolute elementor-hidden-mobile elementor-widget elementor-widget-button\" data-id=\"1e35d6a\" data-element_type=\"widget\" data-settings=\"{&quot;_position&quot;:&quot;absolute&quot;}\" data-widget_type=\"button.default\">\n\t\t\t\t<div class=\"elementor-widget-container\">\n\t\t\t\t\t<div class=\"elementor-button-wrapper\">\n\t\t\t<a class=\"elementor-button elementor-button-link elementor-size-sm\" href=\"https:\/\/jdrestauraciontriana.com\/\">\n\t\t\t\t\t\t<span class=\"elementor-button-content-wrapper\">\n\t\t\t\t\t\t\t\t\t<span class=\"elementor-button-text\">Volver<\/span>\n\t\t\t\t\t<\/span>\n\t\t\t\t\t<\/a>\n\t\t<\/div>\n\t\t\t\t<\/div>\n\t\t\t\t<\/div>\n\t\t\t\t<div class=\"elementor-element elementor-element-4f181b94 elementor-widget elementor-widget-heading\" data-id=\"4f181b94\" data-element_type=\"widget\" data-widget_type=\"heading.default\">\n\t\t\t\t<div class=\"elementor-widget-container\">\n\t\t\t<style>\/*! elementor - v3.21.0 - 25-04-2024 *\/\n.elementor-heading-title{padding:0;margin:0;line-height:1}.elementor-widget-heading .elementor-heading-title[class*=elementor-size-]>a{color:inherit;font-size:inherit;line-height:inherit}.elementor-widget-heading .elementor-heading-title.elementor-size-small{font-size:15px}.elementor-widget-heading .elementor-heading-title.elementor-size-medium{font-size:19px}.elementor-widget-heading .elementor-heading-title.elementor-size-large{font-size:29px}.elementor-widget-heading .elementor-heading-title.elementor-size-xl{font-size:39px}.elementor-widget-heading .elementor-heading-title.elementor-size-xxl{font-size:59px}<\/style><h2 class=\"elementor-heading-title elementor-size-default\">Constituci\u00f3n, Capital Social, \u00d3rgano de Administraci\u00f3n<\/h2>\t\t<\/div>\n\t\t\t\t<\/div>\n\t\t<div class=\"elementor-element elementor-element-4dedf9be e-con-full e-flex e-con e-child\" data-id=\"4dedf9be\" data-element_type=\"container\">\n\t\t<div class=\"elementor-element elementor-element-3365961b e-con-full e-flex e-con e-child\" data-id=\"3365961b\" data-element_type=\"container\">\n\t\t\t\t<div class=\"elementor-element elementor-element-443a76fc elementor-widget elementor-widget-text-editor\" data-id=\"443a76fc\" data-element_type=\"widget\" data-widget_type=\"text-editor.default\">\n\t\t\t\t<div class=\"elementor-widget-container\">\n\t\t\t<style>\/*! elementor - v3.21.0 - 25-04-2024 *\/\n.elementor-widget-text-editor.elementor-drop-cap-view-stacked .elementor-drop-cap{background-color:#69727d;color:#fff}.elementor-widget-text-editor.elementor-drop-cap-view-framed .elementor-drop-cap{color:#69727d;border:3px solid;background-color:transparent}.elementor-widget-text-editor:not(.elementor-drop-cap-view-default) .elementor-drop-cap{margin-top:8px}.elementor-widget-text-editor:not(.elementor-drop-cap-view-default) .elementor-drop-cap-letter{width:1em;height:1em}.elementor-widget-text-editor .elementor-drop-cap{float:left;text-align:center;line-height:1;font-size:50px}.elementor-widget-text-editor .elementor-drop-cap-letter{display:inline-block}<\/style>\t\t\t\t<p><b>JIMENEZ DIAZ RESTAURACION TRIANA, S.L<\/b>., fue constituida por Amado Jim\u00e9nez Mendoza y Juan Domingo D\u00edaz Armas, ambos socios y administradores de la sociedad, desde el 16 de Noviembre del 2014. La sociedad inici\u00f3 su actividad el 01 de Noviembre del 2015. Inscrita en el Registro Mercantil con CIF B76207224. Su domicilio social es Avenida de Moya 6, CC Eurocenter, Planta 3, Local 71-72, 35100, t\u00e9rmino municipal de San Bartolom\u00e9 de Tirajana.<\/p><p>El capital social es de tres mil euros (3.006 \u20ac), totalmente asumido y desembolsado por ambos socios fundadores: Amado Jim\u00e9nez Mendoza y Juan Domingo D\u00edaz Armas.<\/p><p>El \u00f3rgano de administraci\u00f3n de la sociedad es el de administradores mancomunados. El cargo de administrador es remunerado.<\/p>\t\t\t\t\t\t<\/div>\n\t\t\t\t<\/div>\n\t\t\t\t<\/div>\n\t\t<div class=\"elementor-element elementor-element-751b140b e-con-full e-flex e-con e-child\" data-id=\"751b140b\" data-element_type=\"container\">\n\t\t\t\t<div class=\"elementor-element elementor-element-6a80ae48 elementor-widget elementor-widget-text-editor\" data-id=\"6a80ae48\" data-element_type=\"widget\" data-widget_type=\"text-editor.default\">\n\t\t\t\t<div class=\"elementor-widget-container\">\n\t\t\t\t\t\t\t<p>Modo de deliberar y adoptar acuerdos los \u00f3rganos colegiados: La sociedad se regir\u00e1 por lo dispuesto al efecto para la sociedad de responsabilidad limitada en la Ley de Sociedades de Capital. Los acuerdos de los socios se adoptar\u00e1n en junta general:<\/p><ol><li>Conocer la marcha y administraci\u00f3n de la sociedad.<\/li><li>Aprobar en su caso las cuentas y balances del ejercicio anterior y proponer y resolver sobre la distribuci\u00f3n de los beneficios.<\/li><li>Facultativamente, siempre que lo solicite en cualquier tiempo con este car\u00e1cter expreso el \u00f3rgano de administraci\u00f3n o un n\u00famero de socios que representen al menos la d\u00e9cima parte del capital social.<\/li><\/ol>\t\t\t\t\t\t<\/div>\n\t\t\t\t<\/div>\n\t\t\t\t<\/div>\n\t\t\t\t<\/div>\n\t\t\t\t<\/div>\n\t\t\t\t\t<\/div>\n\t\t\t\t<\/div>\n\t\t<div class=\"elementor-element elementor-element-127bd153 e-flex e-con-boxed e-con e-parent\" data-id=\"127bd153\" data-element_type=\"container\" data-settings=\"{&quot;background_background&quot;:&quot;classic&quot;}\">\n\t\t\t\t\t<div class=\"e-con-inner\">\n\t\t<div class=\"elementor-element elementor-element-6564209a e-con-full e-flex e-con e-child\" data-id=\"6564209a\" data-element_type=\"container\">\n\t\t\t\t<div class=\"elementor-element elementor-element-3f375249 elementor-widget elementor-widget-heading\" data-id=\"3f375249\" data-element_type=\"widget\" data-widget_type=\"heading.default\">\n\t\t\t\t<div class=\"elementor-widget-container\">\n\t\t\t<h2 class=\"elementor-heading-title elementor-size-default\">Informaci\u00f3n Relativa<\/h2>\t\t<\/div>\n\t\t\t\t<\/div>\n\t\t<div class=\"elementor-element elementor-element-7a988600 e-con-full e-flex e-con e-child\" data-id=\"7a988600\" data-element_type=\"container\">\n\t\t<div class=\"elementor-element elementor-element-4686eb14 e-con-full e-flex e-con e-child\" data-id=\"4686eb14\" data-element_type=\"container\">\n\t\t\t\t<div class=\"elementor-element elementor-element-4303c509 elementor-widget elementor-widget-text-editor\" data-id=\"4303c509\" data-element_type=\"widget\" data-widget_type=\"text-editor.default\">\n\t\t\t\t<div class=\"elementor-widget-container\">\n\t\t\t\t\t\t\t<p><strong>Jim\u00e9nez D\u00edaz Restauraci\u00f3n Triana, S.L.<\/strong> es una empresa de restauraci\u00f3n promovida y fundada por Amado Jim\u00e9nez Mendoza y Juan Domingo D\u00edaz Armas, con direcci\u00f3n Avenida de Moya s\/n, CC Eurocenter, Planta 3, Local 65-66, en el t\u00e9rmino municipal de San Bartolom\u00e9 de Tirajana, C.P. 35100. Nuestra actividad se basa en el establecimiento de bebidas y comidas preparadas.<\/p>\t\t\t\t\t\t<\/div>\n\t\t\t\t<\/div>\n\t\t\t\t<\/div>\n\t\t<div class=\"elementor-element elementor-element-40bbd8c3 e-con-full e-flex e-con e-child\" data-id=\"40bbd8c3\" data-element_type=\"container\">\n\t\t\t\t<div class=\"elementor-element elementor-element-349e6235 elementor-widget elementor-widget-text-editor\" data-id=\"349e6235\" data-element_type=\"widget\" data-widget_type=\"text-editor.default\">\n\t\t\t\t<div class=\"elementor-widget-container\">\n\t\t\t\t\t\t\t<p>Nuestra misi\u00f3n es crear un restaurante de alto valor en la escena culinaria local, creando una fuente de empleos para tantas personas como sea posible y ayudar al crecimiento del \u00e1rea de turismo en la localidad, superando as\u00ed las expectativas de nuestros clientes de tal forma que nuestro producto sea conocido como una experiencia memorable, siendo a su vez una experiencia destacable y diferente.<\/p>\t\t\t\t\t\t<\/div>\n\t\t\t\t<\/div>\n\t\t\t\t<\/div>\n\t\t\t\t<\/div>\n\t\t\t\t<\/div>\n\t\t\t\t\t<\/div>\n\t\t\t\t<\/div>\n\t\t\t\t<\/div>\n\t\t","protected":false},"excerpt":{"rendered":"<p>Institucional Volver Constituci\u00f3n, Capital Social, \u00d3rgano de Administraci\u00f3n JIMENEZ DIAZ RESTAURACION TRIANA, S.L., fue constituida por Amado Jim\u00e9nez Mendoza y Juan Domingo D\u00edaz Armas, ambos socios y administradores de la sociedad, desde el 16 de Noviembre del 2014. La sociedad inici\u00f3 su actividad el 01 de Noviembre del 2015. Inscrita en el Registro Mercantil con [&hellip;]<\/p>\n","protected":false},"author":1,"featured_media":0,"parent":0,"menu_order":0,"comment_status":"closed","ping_status":"closed","template":"elementor_header_footer","meta":{"footnotes":""},"class_list":["post-69","page","type-page","status-publish","hentry"],"_links":{"self":[{"href":"https:\/\/jdrestauraciontriana.com\/index.php?rest_route=\/wp\/v2\/pages\/69","targetHints":{"allow":["GET"]}}],"collection":[{"href":"https:\/\/jdrestauraciontriana.com\/index.php?rest_route=\/wp\/v2\/pages"}],"about":[{"href":"https:\/\/jdrestauraciontriana.com\/index.php?rest_route=\/wp\/v2\/types\/page"}],"author":[{"embeddable":true,"href":"https:\/\/jdrestauraciontriana.com\/index.php?rest_route=\/wp\/v2\/users\/1"}],"replies":[{"embeddable":true,"href":"https:\/\/jdrestauraciontriana.com\/index.php?rest_route=%2Fwp%2Fv2%2Fcomments&post=69"}],"version-history":[{"count":5,"href":"https:\/\/jdrestauraciontriana.com\/index.php?rest_route=\/wp\/v2\/pages\/69\/revisions"}],"predecessor-version":[{"id":105,"href":"https:\/\/jdrestauraciontriana.com\/index.php?rest_route=\/wp\/v2\/pages\/69\/revisions\/105"}],"wp:attachment":[{"href":"https:\/\/jdrestauraciontriana.com\/index.php?rest_route=%2Fwp%2Fv2%2Fmedia&parent=69"}],"curies":[{"name":"wp","href":"https:\/\/api.w.org\/{rel}","templated":true}]}}