{"id":74,"date":"2024-04-25T17:43:54","date_gmt":"2024-04-25T15:43:54","guid":{"rendered":"https:\/\/plum-loris-838739.hostingersite.com\/?page_id=74"},"modified":"2024-04-25T17:50:07","modified_gmt":"2024-04-25T15:50:07","slug":"organizativa","status":"publish","type":"page","link":"https:\/\/jdrestauraciontriana.com\/?page_id=74","title":{"rendered":"Organizativa"},"content":{"rendered":"\t\t<div data-elementor-type=\"wp-page\" data-elementor-id=\"74\" class=\"elementor elementor-74\" data-elementor-post-type=\"page\">\n\t\t\t\t<div class=\"elementor-element elementor-element-6a47f63d e-flex e-con-boxed e-con e-parent\" data-id=\"6a47f63d\" data-element_type=\"container\">\n\t\t\t\t\t<div class=\"e-con-inner\">\n\t\t<div class=\"elementor-element elementor-element-6ca9d1c9 e-con-full e-flex e-con e-child\" data-id=\"6ca9d1c9\" data-element_type=\"container\">\n\t\t\t\t<div class=\"elementor-element elementor-element-1d3ec7a2 elementor-view-stacked elementor-position-left elementor-vertical-align-middle elementor-shape-circle elementor-mobile-position-top elementor-widget elementor-widget-icon-box\" data-id=\"1d3ec7a2\" data-element_type=\"widget\" data-widget_type=\"icon-box.default\">\n\t\t\t\t<div class=\"elementor-widget-container\">\n\t\t\t<link rel=\"stylesheet\" href=\"https:\/\/jdrestauraciontriana.com\/wp-content\/plugins\/elementor\/assets\/css\/widget-icon-box.min.css\">\t\t<div class=\"elementor-icon-box-wrapper\">\n\n\t\t\t\t\t\t<div class=\"elementor-icon-box-icon\">\n\t\t\t\t<span  class=\"elementor-icon elementor-animation-\">\n\t\t\t\t<svg xmlns=\"http:\/\/www.w3.org\/2000\/svg\" xmlns:xlink=\"http:\/\/www.w3.org\/1999\/xlink\" id=\"Layer_1\" x=\"0px\" y=\"0px\" viewBox=\"0 0 500 447\" style=\"enable-background:new 0 0 500 447;\" xml:space=\"preserve\"><g>\t<path d=\"M210.5,197.2c0,7.3-5.9,13.1-13.2,13.1h-78.9c-21.8,0-39.5,17.7-39.5,39.4v39.4h26.3v-39.4c0-7.3,5.9-13.1,13.2-13.1h78.9  c21.8,0,39.5-17.7,39.5-39.4v-39.4h-26.3V197.2z\"><\/path>\t<path d=\"M394.7,249.8v39.4h26.3v-39.4c0-21.8-17.7-39.4-39.5-39.4h-78.9c-7.3,0-13.2-5.9-13.2-13.1v-39.4h-26.3v39.4  c0,21.8,17.7,39.4,39.5,39.4h78.9C388.8,236.6,394.7,242.5,394.7,249.8z\"><\/path>\t<path d=\"M197.4,131.5h105.3c21.8,0,39.5-17.7,39.5-39.4V39.4c0-21.8-17.7-39.4-39.5-39.4H197.4c-21.8,0-39.5,17.7-39.5,39.4V92  C157.9,113.8,175.6,131.5,197.4,131.5z M184.2,39.4c0-7.3,5.9-13.1,13.2-13.1h105.3c7.3,0,13.2,5.9,13.2,13.1V92  c0,7.3-5.9,13.1-13.2,13.1H197.4c-7.3,0-13.2-5.9-13.2-13.1V39.4z\"><\/path>\t<path d=\"M144.7,315.5H39.5C17.7,315.5,0,333.2,0,355v52.6C0,429.3,17.7,447,39.5,447h105.3c21.8,0,39.5-17.7,39.5-39.4V355  C184.2,333.2,166.5,315.5,144.7,315.5z M157.9,407.6c0,7.3-5.9,13.1-13.2,13.1H39.5c-7.3,0-13.2-5.9-13.2-13.1V355  c0-7.3,5.9-13.1,13.2-13.1h105.3c7.3,0,13.2,5.9,13.2,13.1V407.6z\"><\/path>\t<path d=\"M460.5,315.5H355.3c-21.8,0-39.5,17.7-39.5,39.4v52.6c0,21.8,17.7,39.4,39.5,39.4h105.3c21.8,0,39.5-17.7,39.5-39.4V355  C500,333.2,482.3,315.5,460.5,315.5z M473.7,407.6c0,7.3-5.9,13.1-13.2,13.1H355.3c-7.3,0-13.2-5.9-13.2-13.1V355  c0-7.3,5.9-13.1,13.2-13.1h105.3c7.3,0,13.2,5.9,13.2,13.1V407.6z\"><\/path><\/g><\/svg>\t\t\t\t<\/span>\n\t\t\t<\/div>\n\t\t\t\n\t\t\t\n\t\t<\/div>\n\t\t\t\t<\/div>\n\t\t\t\t<\/div>\n\t\t\t\t<div class=\"elementor-element elementor-element-8ffd659 elementor-align-right elementor-widget__width-auto elementor-absolute elementor-hidden-mobile elementor-widget elementor-widget-button\" data-id=\"8ffd659\" data-element_type=\"widget\" data-settings=\"{&quot;_position&quot;:&quot;absolute&quot;}\" data-widget_type=\"button.default\">\n\t\t\t\t<div class=\"elementor-widget-container\">\n\t\t\t\t\t<div class=\"elementor-button-wrapper\">\n\t\t\t<a class=\"elementor-button elementor-button-link elementor-size-sm\" href=\"https:\/\/jdrestauraciontriana.com\/\">\n\t\t\t\t\t\t<span class=\"elementor-button-content-wrapper\">\n\t\t\t\t\t\t\t\t\t<span class=\"elementor-button-text\">Volver<\/span>\n\t\t\t\t\t<\/span>\n\t\t\t\t\t<\/a>\n\t\t<\/div>\n\t\t\t\t<\/div>\n\t\t\t\t<\/div>\n\t\t\t\t<div class=\"elementor-element elementor-element-79d2234c elementor-widget elementor-widget-heading\" data-id=\"79d2234c\" data-element_type=\"widget\" data-widget_type=\"heading.default\">\n\t\t\t\t<div class=\"elementor-widget-container\">\n\t\t\t<style>\/*! elementor - v3.21.0 - 25-04-2024 *\/\n.elementor-heading-title{padding:0;margin:0;line-height:1}.elementor-widget-heading .elementor-heading-title[class*=elementor-size-]>a{color:inherit;font-size:inherit;line-height:inherit}.elementor-widget-heading .elementor-heading-title.elementor-size-small{font-size:15px}.elementor-widget-heading .elementor-heading-title.elementor-size-medium{font-size:19px}.elementor-widget-heading .elementor-heading-title.elementor-size-large{font-size:29px}.elementor-widget-heading .elementor-heading-title.elementor-size-xl{font-size:39px}.elementor-widget-heading .elementor-heading-title.elementor-size-xxl{font-size:59px}<\/style><h2 class=\"elementor-heading-title elementor-size-default\">Normativa aplicable a la entidad<\/h2>\t\t<\/div>\n\t\t\t\t<\/div>\n\t\t\t\t<div class=\"elementor-element elementor-element-4b45a05a elementor-widget elementor-widget-heading\" data-id=\"4b45a05a\" data-element_type=\"widget\" data-widget_type=\"heading.default\">\n\t\t\t\t<div class=\"elementor-widget-container\">\n\t\t\t<h3 class=\"elementor-heading-title elementor-size-default\"><a href=\"https:\/\/www.boe.es\/buscar\/doc.php?id=BOE-A-2015-1114\" target=\"_blank\">Ley 12\/2014, de 26 de diciembre, de transparencia y de acceso a la informaci\u00f3n p\u00fablica<\/a><\/h3>\t\t<\/div>\n\t\t\t\t<\/div>\n\t\t\t\t<div class=\"elementor-element elementor-element-61e11bca elementor-widget elementor-widget-text-editor\" data-id=\"61e11bca\" data-element_type=\"widget\" data-widget_type=\"text-editor.default\">\n\t\t\t\t<div class=\"elementor-widget-container\">\n\t\t\t<style>\/*! elementor - v3.21.0 - 25-04-2024 *\/\n.elementor-widget-text-editor.elementor-drop-cap-view-stacked .elementor-drop-cap{background-color:#69727d;color:#fff}.elementor-widget-text-editor.elementor-drop-cap-view-framed .elementor-drop-cap{color:#69727d;border:3px solid;background-color:transparent}.elementor-widget-text-editor:not(.elementor-drop-cap-view-default) .elementor-drop-cap{margin-top:8px}.elementor-widget-text-editor:not(.elementor-drop-cap-view-default) .elementor-drop-cap-letter{width:1em;height:1em}.elementor-widget-text-editor .elementor-drop-cap{float:left;text-align:center;line-height:1;font-size:50px}.elementor-widget-text-editor .elementor-drop-cap-letter{display:inline-block}<\/style>\t\t\t\t<p>El objeto de la ley es la regulaci\u00f3n de la transparencia de la actividad p\u00fablica y del ejercicio del derecho de acceso a la informaci\u00f3n p\u00fablica en el \u00e1mbito de la Comunidad Aut\u00f3noma de Canarias.<\/p><p>En cuanto a su \u00e1mbito subjetivo de aplicaci\u00f3n comprende tanto la Administraci\u00f3n p\u00fablica de la Comunidad Aut\u00f3noma como las entidades p\u00fablicas y privadas vinculadas o dependiente de la misma. Adem\u00e1s, en lo que se refiere a su actividad sujeta al Derecho administrativo, quedan sujetas a lo establecido en la ley las instituciones estatutarias.<\/p><p>Junto a ello se recoge la obligaci\u00f3n de publicar la informaci\u00f3n que se establece en el t\u00edtulo II, con las adaptaciones que sean precisas, de los partidos pol\u00edticos, organizaciones sindicales y empresariales as\u00ed como a las dem\u00e1s entidades privadas que perciban durante el per\u00edodo de un a\u00f1o ayudas o subvenciones p\u00fablicas financiadas con cargo a los Presupuestos de la Comunidad Aut\u00f3noma de Canarias, cuando las ayudas o subvenciones que perciban superen los 60.000 euros o cuando las mismas representen al menos el 30% del total de sus ingresos anuales siempre que alcancen como m\u00ednimo la cantidad de 5.000 euros. Y, finalmente, la obligaci\u00f3n de suministrar informaci\u00f3n de las personas f\u00edsicas y jur\u00eddicas que presten servicios p\u00fablicos, ejerzan potestades administrativas o tengan vinculaci\u00f3n contractual con los organismos y entidades p\u00fablicas sujetas a la ley.<\/p>\t\t\t\t\t\t<\/div>\n\t\t\t\t<\/div>\n\t\t\t\t<div class=\"elementor-element elementor-element-1fa7148c elementor-widget elementor-widget-heading\" data-id=\"1fa7148c\" data-element_type=\"widget\" data-widget_type=\"heading.default\">\n\t\t\t\t<div class=\"elementor-widget-container\">\n\t\t\t<h4 class=\"elementor-heading-title elementor-size-default\">Transparencia<\/h4>\t\t<\/div>\n\t\t\t\t<\/div>\n\t\t\t\t<div class=\"elementor-element elementor-element-2e9733c2 elementor-icon-list--layout-traditional elementor-list-item-link-full_width elementor-widget elementor-widget-icon-list\" data-id=\"2e9733c2\" data-element_type=\"widget\" data-widget_type=\"icon-list.default\">\n\t\t\t\t<div class=\"elementor-widget-container\">\n\t\t\t<link rel=\"stylesheet\" href=\"https:\/\/jdrestauraciontriana.com\/wp-content\/plugins\/elementor\/assets\/css\/widget-icon-list.min.css\">\t\t<ul class=\"elementor-icon-list-items\">\n\t\t\t\t\t\t\t<li class=\"elementor-icon-list-item\">\n\t\t\t\t\t\t\t\t\t\t\t<a href=\"https:\/\/www.boe.es\/buscar\/doc.php?id=BOE-A-2015-1114\" target=\"_blank\">\n\n\t\t\t\t\t\t\t\t\t\t\t\t<span class=\"elementor-icon-list-icon\">\n\t\t\t\t\t\t\t<svg aria-hidden=\"true\" class=\"e-font-icon-svg e-fas-caret-right\" viewBox=\"0 0 192 512\" xmlns=\"http:\/\/www.w3.org\/2000\/svg\"><path d=\"M0 384.662V127.338c0-17.818 21.543-26.741 34.142-14.142l128.662 128.662c7.81 7.81 7.81 20.474 0 28.284L34.142 398.804C21.543 411.404 0 402.48 0 384.662z\"><\/path><\/svg>\t\t\t\t\t\t<\/span>\n\t\t\t\t\t\t\t\t\t\t<span class=\"elementor-icon-list-text\"><b>Auton\u00f3mica:<\/b>\u00a0Ley 12\/2014, de 26 de diciembre, de transparencia y de acceso a la informaci\u00f3n p\u00fablica.<\/span>\n\t\t\t\t\t\t\t\t\t\t\t<\/a>\n\t\t\t\t\t\t\t\t\t<\/li>\n\t\t\t\t\t\t\t\t<li class=\"elementor-icon-list-item\">\n\t\t\t\t\t\t\t\t\t\t\t<a href=\"https:\/\/www.boe.es\/eli\/es\/l\/2013\/12\/09\/19\/con\" target=\"_blank\">\n\n\t\t\t\t\t\t\t\t\t\t\t\t<span class=\"elementor-icon-list-icon\">\n\t\t\t\t\t\t\t<svg aria-hidden=\"true\" class=\"e-font-icon-svg e-fas-caret-right\" viewBox=\"0 0 192 512\" xmlns=\"http:\/\/www.w3.org\/2000\/svg\"><path d=\"M0 384.662V127.338c0-17.818 21.543-26.741 34.142-14.142l128.662 128.662c7.81 7.81 7.81 20.474 0 28.284L34.142 398.804C21.543 411.404 0 402.48 0 384.662z\"><\/path><\/svg>\t\t\t\t\t\t<\/span>\n\t\t\t\t\t\t\t\t\t\t<span class=\"elementor-icon-list-text\"><b>Estatal:<\/b>\u00a0Ley 19\/2013, de 9 de diciembre, de transparencia, acceso a la informaci\u00f3n p\u00fablica y buen gobierno<\/span>\n\t\t\t\t\t\t\t\t\t\t\t<\/a>\n\t\t\t\t\t\t\t\t\t<\/li>\n\t\t\t\t\t\t\t\t<li class=\"elementor-icon-list-item\">\n\t\t\t\t\t\t\t\t\t\t\t<a href=\"https:\/\/transparenciacanarias.org\/\" target=\"_blank\">\n\n\t\t\t\t\t\t\t\t\t\t\t\t<span class=\"elementor-icon-list-icon\">\n\t\t\t\t\t\t\t<svg aria-hidden=\"true\" class=\"e-font-icon-svg e-fas-caret-right\" viewBox=\"0 0 192 512\" xmlns=\"http:\/\/www.w3.org\/2000\/svg\"><path d=\"M0 384.662V127.338c0-17.818 21.543-26.741 34.142-14.142l128.662 128.662c7.81 7.81 7.81 20.474 0 28.284L34.142 398.804C21.543 411.404 0 402.48 0 384.662z\"><\/path><\/svg>\t\t\t\t\t\t<\/span>\n\t\t\t\t\t\t\t\t\t\t<span class=\"elementor-icon-list-text\">M\u00e1s informaci\u00f3n en el\u00a0Comisionado de Transparencia de Canarias Estatutos.<\/span>\n\t\t\t\t\t\t\t\t\t\t\t<\/a>\n\t\t\t\t\t\t\t\t\t<\/li>\n\t\t\t\t\t\t<\/ul>\n\t\t\t\t<\/div>\n\t\t\t\t<\/div>\n\t\t\t\t<\/div>\n\t\t\t\t\t<\/div>\n\t\t\t\t<\/div>\n\t\t<div class=\"elementor-element elementor-element-656e94fa e-flex e-con-boxed e-con e-parent\" data-id=\"656e94fa\" data-element_type=\"container\" data-settings=\"{&quot;background_background&quot;:&quot;classic&quot;}\">\n\t\t\t\t\t<div class=\"e-con-inner\">\n\t\t<div class=\"elementor-element elementor-element-228492f8 e-con-full e-flex e-con e-child\" data-id=\"228492f8\" data-element_type=\"container\">\n\t\t\t\t<div class=\"elementor-element elementor-element-615df16 elementor-widget elementor-widget-heading\" data-id=\"615df16\" data-element_type=\"widget\" data-widget_type=\"heading.default\">\n\t\t\t\t<div class=\"elementor-widget-container\">\n\t\t\t<h2 class=\"elementor-heading-title elementor-size-default\">Informaci\u00f3n relativa a las funciones y competencias\n<\/h2>\t\t<\/div>\n\t\t\t\t<\/div>\n\t\t<div class=\"elementor-element elementor-element-2e96be03 e-con-full e-flex e-con e-child\" data-id=\"2e96be03\" data-element_type=\"container\">\n\t\t<div class=\"elementor-element elementor-element-3cc656ed e-con-full e-flex e-con e-child\" data-id=\"3cc656ed\" data-element_type=\"container\">\n\t\t\t\t<div class=\"elementor-element elementor-element-4523eedf elementor-widget elementor-widget-text-editor\" data-id=\"4523eedf\" data-element_type=\"widget\" data-widget_type=\"text-editor.default\">\n\t\t\t\t<div class=\"elementor-widget-container\">\n\t\t\t\t\t\t\t<p><b>Objeto social<\/b>\u00a0<\/p><p>La sociedad tiene por objeto principal la explotaci\u00f3n de Restaurantes y puestos de comidas.<\/p><p>Las actividades integrantes del objeto social podr\u00e1n ser desarrolladas, total o parcialmente, de modo indirecto mediante la titularidad de acciones o de participaciones en sociedades con objeto id\u00e9ntico o an\u00e1logo.<\/p>\t\t\t\t\t\t<\/div>\n\t\t\t\t<\/div>\n\t\t\t\t<\/div>\n\t\t<div class=\"elementor-element elementor-element-78adb35 e-con-full e-flex e-con e-child\" data-id=\"78adb35\" data-element_type=\"container\">\n\t\t\t\t<div class=\"elementor-element elementor-element-fd57c40 elementor-widget elementor-widget-text-editor\" data-id=\"fd57c40\" data-element_type=\"widget\" data-widget_type=\"text-editor.default\">\n\t\t\t\t<div class=\"elementor-widget-container\">\n\t\t\t\t\t\t\t<p><b>Consejo de Administraci\u00f3n<\/b><\/p><p><strong>Jim\u00e9nez D\u00edaz Restauraci\u00f3n Triana S.L.<\/strong> es una empresa de restauraci\u00f3n creada por Amado Jim\u00e9nez Mendoza y Juan Domingo D\u00edaz Armas, ambos socios.<\/p><p>Su \u00f3rgano de administraci\u00f3n se rige bajo la figura de administradores mancomunados:<\/p>\t\t\t\t\t\t<\/div>\n\t\t\t\t<\/div>\n\t\t\t\t<\/div>\n\t\t\t\t<\/div>\n\t\t\t\t<div class=\"elementor-element elementor-element-2eb15522 elementor-widget-divider--view-line elementor-widget elementor-widget-divider\" data-id=\"2eb15522\" data-element_type=\"widget\" data-widget_type=\"divider.default\">\n\t\t\t\t<div class=\"elementor-widget-container\">\n\t\t\t<style>\/*! elementor - v3.21.0 - 25-04-2024 *\/\n.elementor-widget-divider{--divider-border-style:none;--divider-border-width:1px;--divider-color:#0c0d0e;--divider-icon-size:20px;--divider-element-spacing:10px;--divider-pattern-height:24px;--divider-pattern-size:20px;--divider-pattern-url:none;--divider-pattern-repeat:repeat-x}.elementor-widget-divider .elementor-divider{display:flex}.elementor-widget-divider .elementor-divider__text{font-size:15px;line-height:1;max-width:95%}.elementor-widget-divider .elementor-divider__element{margin:0 var(--divider-element-spacing);flex-shrink:0}.elementor-widget-divider .elementor-icon{font-size:var(--divider-icon-size)}.elementor-widget-divider .elementor-divider-separator{display:flex;margin:0;direction:ltr}.elementor-widget-divider--view-line_icon .elementor-divider-separator,.elementor-widget-divider--view-line_text .elementor-divider-separator{align-items:center}.elementor-widget-divider--view-line_icon .elementor-divider-separator:after,.elementor-widget-divider--view-line_icon .elementor-divider-separator:before,.elementor-widget-divider--view-line_text .elementor-divider-separator:after,.elementor-widget-divider--view-line_text .elementor-divider-separator:before{display:block;content:\"\";border-block-end:0;flex-grow:1;border-block-start:var(--divider-border-width) var(--divider-border-style) var(--divider-color)}.elementor-widget-divider--element-align-left .elementor-divider .elementor-divider-separator>.elementor-divider__svg:first-of-type{flex-grow:0;flex-shrink:100}.elementor-widget-divider--element-align-left .elementor-divider-separator:before{content:none}.elementor-widget-divider--element-align-left .elementor-divider__element{margin-left:0}.elementor-widget-divider--element-align-right .elementor-divider .elementor-divider-separator>.elementor-divider__svg:last-of-type{flex-grow:0;flex-shrink:100}.elementor-widget-divider--element-align-right .elementor-divider-separator:after{content:none}.elementor-widget-divider--element-align-right .elementor-divider__element{margin-right:0}.elementor-widget-divider--element-align-start .elementor-divider .elementor-divider-separator>.elementor-divider__svg:first-of-type{flex-grow:0;flex-shrink:100}.elementor-widget-divider--element-align-start .elementor-divider-separator:before{content:none}.elementor-widget-divider--element-align-start .elementor-divider__element{margin-inline-start:0}.elementor-widget-divider--element-align-end .elementor-divider .elementor-divider-separator>.elementor-divider__svg:last-of-type{flex-grow:0;flex-shrink:100}.elementor-widget-divider--element-align-end .elementor-divider-separator:after{content:none}.elementor-widget-divider--element-align-end .elementor-divider__element{margin-inline-end:0}.elementor-widget-divider:not(.elementor-widget-divider--view-line_text):not(.elementor-widget-divider--view-line_icon) .elementor-divider-separator{border-block-start:var(--divider-border-width) var(--divider-border-style) var(--divider-color)}.elementor-widget-divider--separator-type-pattern{--divider-border-style:none}.elementor-widget-divider--separator-type-pattern.elementor-widget-divider--view-line .elementor-divider-separator,.elementor-widget-divider--separator-type-pattern:not(.elementor-widget-divider--view-line) .elementor-divider-separator:after,.elementor-widget-divider--separator-type-pattern:not(.elementor-widget-divider--view-line) .elementor-divider-separator:before,.elementor-widget-divider--separator-type-pattern:not([class*=elementor-widget-divider--view]) .elementor-divider-separator{width:100%;min-height:var(--divider-pattern-height);-webkit-mask-size:var(--divider-pattern-size) 100%;mask-size:var(--divider-pattern-size) 100%;-webkit-mask-repeat:var(--divider-pattern-repeat);mask-repeat:var(--divider-pattern-repeat);background-color:var(--divider-color);-webkit-mask-image:var(--divider-pattern-url);mask-image:var(--divider-pattern-url)}.elementor-widget-divider--no-spacing{--divider-pattern-size:auto}.elementor-widget-divider--bg-round{--divider-pattern-repeat:round}.rtl .elementor-widget-divider .elementor-divider__text{direction:rtl}.e-con-inner>.elementor-widget-divider,.e-con>.elementor-widget-divider{width:var(--container-widget-width,100%);--flex-grow:var(--container-widget-flex-grow)}<\/style>\t\t<div class=\"elementor-divider\">\n\t\t\t<span class=\"elementor-divider-separator\">\n\t\t\t\t\t\t<\/span>\n\t\t<\/div>\n\t\t\t\t<\/div>\n\t\t\t\t<\/div>\n\t\t<div class=\"elementor-element elementor-element-45ade076 e-con-full e-flex e-con e-child\" data-id=\"45ade076\" data-element_type=\"container\">\n\t\t<div class=\"elementor-element elementor-element-167efc63 e-con-full e-flex e-con e-child\" data-id=\"167efc63\" data-element_type=\"container\">\n\t\t\t\t<div class=\"elementor-element elementor-element-74266ffc elementor-widget elementor-widget-text-editor\" data-id=\"74266ffc\" data-element_type=\"widget\" data-widget_type=\"text-editor.default\">\n\t\t\t\t<div class=\"elementor-widget-container\">\n\t\t\t\t\t\t\t<p><b>Amado Jim\u00e9nez D\u00edaz \u2013\u00a0Administrador mancomunado<\/b><\/p><p>Nacido en 1957, Socio fundador, es una persona convencida de que el desarrollo en el sector tur\u00edstico es el motor del cambio y de la creaci\u00f3n de nuevas oportunidades para el empleo.<\/p><p>Tiene inculcado en sus genes la cultura emprendedora. Esta herencia unida a su larga trayectoria profesional, y su experiencia en la explotaci\u00f3n de restaurantes diversos, le llev\u00f3 a crear en 2014 la mercantil <strong>Jim\u00e9nez D\u00edaz Restauraci\u00f3n Triana S.L.<\/strong>, para la explotaci\u00f3n, gesti\u00f3n y desarrollo de locales de restauraci\u00f3n.<\/p>\t\t\t\t\t\t<\/div>\n\t\t\t\t<\/div>\n\t\t\t\t<\/div>\n\t\t<div class=\"elementor-element elementor-element-1611823a e-con-full e-flex e-con e-child\" data-id=\"1611823a\" data-element_type=\"container\">\n\t\t\t\t<div class=\"elementor-element elementor-element-239a8354 elementor-widget elementor-widget-text-editor\" data-id=\"239a8354\" data-element_type=\"widget\" data-widget_type=\"text-editor.default\">\n\t\t\t\t<div class=\"elementor-widget-container\">\n\t\t\t\t\t\t\t<p><b>Juan Domingo D\u00edaz Armas \u2013\u00a0Administrador mancomunado<\/b><\/p><p>Nacido en 1958, Socio fundador, es una persona con una larga trayectoria profesional en el sector de restauraci\u00f3n, comprometido con el sector tur\u00edstico, y concienciado de la importancia de trabajar por y para las personas, prevaleciendo el factor humano.<\/p><p>Su af\u00e1n por ofrecer una experiencia gastron\u00f3mica \u00fanica le llev\u00f3 a crear en 2014, junto a su socio Amado Jim\u00e9nez Mendoza la mercantil <strong>Jim\u00e9nez D\u00edaz Restauraci\u00f3n Triana S.L.<\/strong>, para la explotaci\u00f3n, gesti\u00f3n y desarrollo de locales de restauraci\u00f3n.<\/p>\t\t\t\t\t\t<\/div>\n\t\t\t\t<\/div>\n\t\t\t\t<\/div>\n\t\t\t\t<\/div>\n\t\t\t\t<div class=\"elementor-element elementor-element-4d97d269 elementor-widget elementor-widget-image\" data-id=\"4d97d269\" data-element_type=\"widget\" data-widget_type=\"image.default\">\n\t\t\t\t<div class=\"elementor-widget-container\">\n\t\t\t<style>\/*! elementor - v3.21.0 - 25-04-2024 *\/\n.elementor-widget-image{text-align:center}.elementor-widget-image a{display:inline-block}.elementor-widget-image a img[src$=\".svg\"]{width:48px}.elementor-widget-image img{vertical-align:middle;display:inline-block}<\/style>\t\t\t\t\t\t\t\t\t\t<img fetchpriority=\"high\" decoding=\"async\" width=\"850\" height=\"476\" src=\"https:\/\/jdrestauraciontriana.com\/wp-content\/uploads\/2024\/04\/sauche-organizativa-administradores.png\" class=\"attachment-full size-full wp-image-27\" alt=\"\" srcset=\"https:\/\/jdrestauraciontriana.com\/wp-content\/uploads\/2024\/04\/sauche-organizativa-administradores.png 850w, https:\/\/jdrestauraciontriana.com\/wp-content\/uploads\/2024\/04\/sauche-organizativa-administradores-300x168.png 300w, https:\/\/jdrestauraciontriana.com\/wp-content\/uploads\/2024\/04\/sauche-organizativa-administradores-768x430.png 768w\" sizes=\"(max-width: 850px) 100vw, 850px\" \/>\t\t\t\t\t\t\t\t\t\t\t\t\t<\/div>\n\t\t\t\t<\/div>\n\t\t\t\t<\/div>\n\t\t\t\t\t<\/div>\n\t\t\t\t<\/div>\n\t\t\t\t<\/div>\n\t\t","protected":false},"excerpt":{"rendered":"<p>Volver Normativa aplicable a la entidad Ley 12\/2014, de 26 de diciembre, de transparencia y de acceso a la informaci\u00f3n p\u00fablica El objeto de la ley es la regulaci\u00f3n de la transparencia de la actividad p\u00fablica y del ejercicio del derecho de acceso a la informaci\u00f3n p\u00fablica en el \u00e1mbito de la Comunidad Aut\u00f3noma de [&hellip;]<\/p>\n","protected":false},"author":1,"featured_media":0,"parent":0,"menu_order":0,"comment_status":"closed","ping_status":"closed","template":"elementor_header_footer","meta":{"footnotes":""},"class_list":["post-74","page","type-page","status-publish","hentry"],"_links":{"self":[{"href":"https:\/\/jdrestauraciontriana.com\/index.php?rest_route=\/wp\/v2\/pages\/74","targetHints":{"allow":["GET"]}}],"collection":[{"href":"https:\/\/jdrestauraciontriana.com\/index.php?rest_route=\/wp\/v2\/pages"}],"about":[{"href":"https:\/\/jdrestauraciontriana.com\/index.php?rest_route=\/wp\/v2\/types\/page"}],"author":[{"embeddable":true,"href":"https:\/\/jdrestauraciontriana.com\/index.php?rest_route=\/wp\/v2\/users\/1"}],"replies":[{"embeddable":true,"href":"https:\/\/jdrestauraciontriana.com\/index.php?rest_route=%2Fwp%2Fv2%2Fcomments&post=74"}],"version-history":[{"count":5,"href":"https:\/\/jdrestauraciontriana.com\/index.php?rest_route=\/wp\/v2\/pages\/74\/revisions"}],"predecessor-version":[{"id":108,"href":"https:\/\/jdrestauraciontriana.com\/index.php?rest_route=\/wp\/v2\/pages\/74\/revisions\/108"}],"wp:attachment":[{"href":"https:\/\/jdrestauraciontriana.com\/index.php?rest_route=%2Fwp%2Fv2%2Fmedia&parent=74"}],"curies":[{"name":"wp","href":"https:\/\/api.w.org\/{rel}","templated":true}]}}